1
40624 (base 7) to base 11
74a5
What is aa84a8 (base 11) in base 5?
423040140
Convert 1e6071 (base 15) to base 9.
2717727
Convert -14626135 (base 7) to base 5.
-324330131
6cf77 (base 16) to base 11
285372
Convert 1db6d (base 14) to base 2.
10010101000110101
Convert -4178748 (base 12) to base 7.
-206666006
20235511 (base 6) to base 12
23bb97
12023322013 (base 4) to base 10
1621639
Convert 3ad015 (base 15) to base 14.
5389d4
Convert -59b5a6 (base 15) to base 10.
-4290906
22333133 (base 5) to base 7
1456444
6a026 (base 16) to base 10
434214
What is -7a312 (base 13) in base 7?
-1614311
What is -200121013 (base 4) in base 5?
-13221204
What is -1048711 (base 9) in base 8?
-2115576
-2b8a41 (base 13) to base 12
-43a890
Convert 308014 (base 10) to base 3.
120122111221
Convert -29ce6 (base 15) to base 12.
-65a39
What is -b273c3 (base 14) in base 7?
-102052133
10042420333 (base 5) to base 6
1000550430
What is -22032321 (base 5) in base 12?
-91953
Convert -242878 (base 12) to base 15.
-b8658
Convert 201010101021 (base 3) to base 11.
23790a
2998203 (base 12) to base 10
8412195
Convert 168324 (base 9) to base 11.
71581
What is 30031304 (base 5) in base 3?
110000100120
Convert 838140 (base 11) to base 10.
1343144
Convert -177fe (base 16) to base 4.
-113133332
Convert 218652 (base 9) to base 6.
2450332
-5230501 (base 6) to base 15
-4ee01
Convert 34033413 (base 5) to base 12.
125201
-3633040 (base 7) to base 8
-1606341
What is 304402 (base 7) in base 3?
2122022121
16389 (base 15) to base 13
2681a
15407b (base 16) to base 10
1392763
12363 (base 10) to base 5
343423
Convert 31412243 (base 6) to base 3.
1201201011200
-40d6e8 (base 16) to base 7
-51055455
What is 27754307 (base 8) in base 16?
5fd8c7
Convert 64c62 (base 15) to base 7.
2502032
Convert 1347413 (base 8) to base 4.
1130330023
What is -257872 (base 13) in base 12?
-376147
What is -2095719 (base 11) in base 16?
-38306d
-30509 (base 13) to base 8
-251011
503678 (base 10) to base 8
1727576
What is -110102022200 (base 3) in base 16?
-3bae1
What is 15600871 (base 9) in base 4?
131233013230
2463a02 (base 11) to base 13
b6b38a
Convert 358803 (base 9) to base 4.
310311303
2c705 (base 14) to base 13
3b780
a64c0b (base 16) to base 12
3796b77
-39426c (base 13) to base 16
-150f30
Convert -31124a7 (base 11) to base 16.
-53d386
-422020 (base 7) to base 14
-1c710
Convert 161224 (base 8) to base 9.
87508
What is -1013100213 (base 4) in base 15?
-5b739
What is 4469615 (base 10) in base 4?
101003031233
Convert -11562562 (base 8) to base 2.
-1001101110010101110010
Convert -1110111100000110010 (base 2) to base 12.
-1b7356
Convert -324503 (base 7) to base 15.
-11c98
Convert b068a (base 16) to base 12.
2aa1a2
1256044 (base 7) to base 12
7b83a
10010101000110100101 (base 2) to base 15
c0e50
-85694 (base 12) to base 8
-526620
144443033 (base 5) to base 4
2332223122
What is 4c568 (base 15) in base 2?
111011100111111111
-1402947 (base 10) to base 13
-3a1760
14400331 (base 5) to base 7
1205460
What is -12735107 (base 9) in base 12?
-212b92a
What is 220534 (base 15) in base 2?
110001011110010110110
243402342 (base 5) to base 16
1199c0
Convert -548352 (base 9) to base 5.
-40440421
Convert 2210222112210 (base 3) to base 6.
52015550
Convert 2112010121021 (base 3) to base 13.
37c543
Convert 62302 (base 8) to base 6.
315230
Convert 33235 (base 12) to base 5.
4131341
Convert -318541 (base 11) to base 10.
-509092
Convert 100011001000000111 (base 2) to base 8.
431007
Convert -231a96 (base 13) to base 9.
-1507604
Convert 3085635 (base 11) to base 8.
24577376
-1d938 (base 16) to base 5
-12334034
What is -2313303103 (base 4) in base 7?
-6253621
-211102211021110 (base 3) to base 5
-11023040304
What is -207011 (base 9) in base 5?
-12420321
31030446 (base 8) to base 11
37852a7
Convert -4551773 (base 10) to base 14.
-866b49
What is 1134355151 (base 6) in base 5?
11240032244
What is -a15b80 (base 12) in base 16?
-267150
What is -60556 (base 10) in base 4?
-32302030
What is -306a56 (base 11) in base 10?
-492410
-243044551 (base 6) to base 4
-101221030303
What is 2002224 (base 6) in base 13?
3392b
22b33 (base 13) to base 12
30849
33000132131 (base 4) to base 15
52a9de
Convert 12980 (base 10) to base 12.
7618
Convert 40116055 (base 7) to base 13.
8c112a
Convert d41146 (base 16) to base 12.
47a2a32
What is -3034022 (base 8) in base 3?
-1111200110202
What is 3101410024 (base 5) in base 15?
840594
-12502015 (base 6) to base 15
-8239b
What is -311132130 (base 4) in base 13?
-7890c
What is 1111102001112 (base 3) in base 15?
10aa05
-4d248 (base 14) to base 3
-100122100100
What is 532145 (base 7) in base 14?
2575c
Convert 111111010001100000011 (base 2) to base 9.
3810078
What is -30b834 (base 13) in base 7?
-12453662
What is 905041 (base 11) in base 16?
16381f
Convert 320101 (base 15) to base 2.
1001000100111101010001
3219218 (base 10) to base 13
889382
Convert -2210022200201 (base 3) to base 13.
-3cba73
What is 10100100001100101111101 (base 2) in base 14?
a00b5b
Convert -402644 (base 7) to base 5.
-4140430
Convert -650212 (base 7) to base 9.
-181844
-1a505b (base 14) to base 3
-1202112122201
Convert 3893b9 (base 13) to base 7.
14404114
Convert 1371647 (base 9) to base 15.
edded
Convert 2171cd5 (base 14) to base 10.
15871091
Convert 126b99 (base 12) to base 3.
120100210000
Convert 267533 (base 11) to base 7.
3366134
-561310 (base 9) to base 8
-1217350
20b465 (base 15) to base 6
53211422
-656857 (base 11) to base 5
-232023102
What is -2a1fc6 (base 16) in base 9?
-5166804
Convert 74313 (base 10) to base 12.
37009
What is 1124104 (base 6) in base 3?
2221110111
Convert 124024 (base 6) to base 8.
25760
Convert -811855 (base 10) to base 9.
-1466581
150565544 (base 7) to base 13
20b6b92
-35294b (base 14) to base 3
-10102002210101
What is -10100011111110111 (base 2) in base 10?
-83959
What is 390584 (base 11) in base 12?
258317
-102100524 (base 7) to base 2
-10110111101000010010001
Convert 222013133 (base 4) to base 9.
282568
What is a4f5 (base 16) in base 7?
234055
121222122002022 (base 3) to base 11
5106359
Convert 212210000102 (base 3) to base 8.
1622075
-242328 (base 10) to base 16
-3b298
-124140 (base 8) to base 7
-236445
Convert -11a891 (base 11) to base 13.
-6868a
1393101 (base 11) to base 6
123123330
1198a (base 11) to base 2
100001100000111
71784 (base 10) to base 3
10122110200
-2102311321 (base 4) to base 9
-1116044
What is -ba793b (base 15) in base 10?
-8885081
-15522645 (base 8) to base 3
-20201221200120
What is -5a240 (base 11) in base 2?
-10101001100010001
Convert 3010133120 (base 4) to base 5.
201223244
-a858 (base 16) to base 7
-236434
-63313 (base 9) to base 4
-22031100
-322034003 (base 5) to base 13
-388a93
250522 (base 14) to base 10
1268738
-4023031432 (base 5) to base 3
-120002100021102
1840850 (base 9) to base 16
fba72
What is 663b2 (base 12) in base 13?
497b7
What is -23933 (base 13) in base 2?
-1111111011111100
442023 (base 5) to base 11
10516
What is 6422366 (base 7) in base 12?
316845
-116604 (base 7) to base 5
-1142224
Convert ba355 (base 12) to base 9.
414242
Convert 10364116 (base 7) to base 12.
36ab24
What is -67780 (base 13) in base 3?
-100112221011
-9a6927 (base 13) to base 11
-2068304
What is 10011222001 (base 3) in base 11?
430a1
317474 (base 8) to base 6
2140044
What is 115662 (base 14) in base 16?
90576
286f5 (base 16) to base 5
20244441
What is -122112110 (base 4) in base 14?
-2b48c
Convert -177566 (base 8) to base 11.
-45153
-2145054 (base 6) to base 16
-1a37a
Convert -312741 (base 8) to base 13.
-383a9
What is a2ac (base 16) in base 13?
15c55
Convert -1100110000110001010100 (base 2) to base 4.
-30300301110
Convert 13201300021 (base 4) to base 14.
39518d
3f42 (base 16) to base 14
5c8a
-23200021 (base 4) to base 12
-23321
1ac1c (base 13) to base 12
26520
What is 135134264 (base 7) in base 9?
17576735
Convert -10050205 (base 6) to base 14.
-7659b
Convert 115889 (base 10) to base 3.
12212222012
Convert a4537 (base 12) to base 2.
110100011111111011
Convert 4aa86b (base 13) to base 4.
12312002101
Convert 127387 (base 11) to base 7.
1462256
Convert 100001101100110000 (base 2) to base 10.
138032
-13032031011 (base 4) to base 14
-373d1b
What is -24641471 (base 8) in base 11?
-3097774
Convert -12201020212000 (base 3) to base 14.
-